/2 - 5*w + 6. What are the prime factors of n(c)?
5
Suppose -4*t = -48 - 72. Let n be -1 - -2 - (t/(-3))/5. Suppose 0 = n*w + 5*r - 242, 2*w - 5*r - 99 = 54. What are the prime factors of w?
79
Let u = -3955 - -1467. Let n be u/(-7) - (-60)/(-140). Let l = n - 201. What are the prime factors of l?
2, 7, 11
Let i = -11 - 232. Let p = -507 - -148. Let m = i - p. List the prime factors of m.
2, 29
Let y(z) = 21*z**2 + 7*z - 32. What are the prime factors of y(7)?
2, 523
Let r(i) = 41*i**2 - 10*i + 134. List the prime factors of r(13).
3, 2311
Let a(b) = -77*b**2 + 27*b - 86. Let f be a(3). Let u = f + 1273. List the prime factors of u.
5, 23
Let d(j) = -44*j**3 + 5*j**2 + 16*j + 26. Let v be d(-3). Let l = v + -858. What are the prime factors of l?
353
Let w = 31 - 27. Suppose u = -3*h + 314, 2*u + w*h + 349 = 3*u. Suppose c = -4*a + 2*a + u, -643 = -4*a + c. What are the prime factors of a?
2, 3
Let n(m) = -m**3 + 55*m**2 - 204*m + 4. Let y be n(51). Suppose y*z + 5*o + 107 = 698, 2*o = 2*z - 282. List the prime factors of z.
2, 3
Let s(x) = 566*x - 32. What are the prime factors of s(8)?
2, 281
Let t(y) = -12*y - 14. Let w be t(-16). Let d = -29 + w. Suppose -2*g + 127 + d = 0. List the prime factors of g.
2, 3, 23
Let l = -11 - -15. Suppose l*z - 3*q = -1, -19 = 5*z - 10*z - 3*q. Suppose 5*s - 202 = -3*k, 2*k - 6*k - z*s + 246 = 0. List the prime factors of k.
59
Let l(g) = -2*g**2 - 12*g - 9. Let a be l(-4). Let m be (2 + a/((-7)/2))*1. Suppose -3*u + 61 + 218 = m. List the prime factors of u.
3, 31
Let z = 1 + -30. Let n = z - -53. Suppose 27*l - n*l = 87. List the prime factors of l.
29
Let w(t) = -t**2 - 8*t - 5. Let g(q) = 2*q**2 + 25*q + 15. Let l(h) = 4*g(h) + 11*w(h). Let v be l(9). Let y = v - -212. What are the prime factors of y?
2, 41
Let c be 129/(-43)*(-4)/(-6). Let w(p) = 65*p**2 - 4*p - 5. List the prime factors of w(c).
263
List the prime factors of (1 + -41 - (99 - 105))*(-3902)/4.
17, 1951
Suppose 1702909 = 181*n - 1608848. What are the prime factors of n?
3, 19, 107
Let v(z) = z**3 + 10*z**2 - 13*z - 12. Let x be v(-11). Suppose -x*p + 18*p = 3312. List the prime factors of p.
2, 3, 23
Let z = 2490 + 5431. List the prime factors of z.
89
Let f(v) = 11*v**2 + 2*v + 1. Let o be -2*1 - (0 + -26 - -1). Suppose 0 = -5*x - o + 38. What are the prime factors of f(x)?
2, 53
Suppose -2*v + 90 = -8*v. What are the prime factors of v - -15 - 694*-1?
2, 347
Let p = 97 - 84. Suppose 0 = -p*j + 5*j + 24. Suppose -6*a - j*a = -1044. List the prime factors of a.
2, 29
Let y be 97*(2 + -2 - 1). Let v = -24 + -5. Let t = v - y. List the prime factors of t.
2, 17
Let z(x) = -2*x + 32. Suppose 5*o = -3*m - 16, -4*m + 5*o = 51 + 17. Let i be z(m). What are the prime factors of (i/(-3))/((-5)/15)?
2, 7
What are the prime factors of ((-21073)/52)/((65/(-60))/13)?
3, 1621
Suppose 415*p + 57387 = 426*p. List the prime factors of p.
3, 37, 47
Let p(m) = -59*m - 3. Let c(v) = -3*v - 33. Let a be c(-12). Suppose 4*i - i + a = 0. What are the prime factors of p(i)?
2, 7
Let a = 201 + -218. Let j = a - -131. List the prime factors of j.
2, 3, 19
Let o be -835 + (-7 - (-24)/6) + -2. Let v = 1473 + o. List the prime factors of v.
3, 211
Let n(l) = -22*l - 56. Let u be n(-3). Suppose 0 = -5*i + i - 24. What are the prime factors of i*((-115)/u + -3)?
3, 29
Let u(l) = 5*l + 11. Let o(v) = -v**2 - v. Let b(k) = 4*o(k) - u(k). Let c be b(-7). Let d = c - -269. List the prime factors of d.
5
Suppose -d = -q - 12090, -2539*d = -2535*d - 5*q - 48357. List the prime factors of d.
3, 29, 139
Let z be 1 - (3/(-6) + 31/(-2)). Suppose 22*d = z*d + 1080. List the prime factors of d.
2, 3
Let s(i) = -15*i**2 + 6*i + 8. Let w be s(-2). Let o be w/224 + (-1)/(7/544). Let p = o + 322. What are the prime factors of p?
2, 61
Suppose -4*h = -2*t - 1163 - 9273, -5*t - 20 = 0. What are the prime factors of h?
3, 11, 79
Let n(q) = 28469*q - 36. List the prime factors of n(1).
28433
Let q = -920 + 912. What are the prime factors of 542 - (q - (-1 - 0))?
3, 61
Let p(v) = -21*v + 8. Let k be (-14)/70 + 108/(-10). Let s be p(k). Suppose 91 = 3*b - s. List the prime factors of b.
2, 5, 11
Let n = -58 - -75. Suppose -n*w - 816 = -21*w. List the prime factors of w.
2, 3, 17
Let o = -9553 + 16073. List the prime factors of o.
2, 5, 163
Let x be (1/4 - (-56)/32) + -1. Let g be ((-6)/(-12))/(x + 0)*0. Suppose -j + 5*z + 30 = 0, -9*j + 4*j - 5*z = g. List the prime factors of j.
5
Let g(h) = -483*h + 46. Let l be (8 - 86/8) + (-6)/(-8). What are the prime factors of g(l)?
2, 11, 23
Let y be (-108516)/36*9/(-3). Suppose 22*r - y = 6027. What are the prime factors of r?
5, 137
Let g(s) = 10*s**2 - 26*s + 31. Let r be g(14). Let b = 2417 - r. What are the prime factors of b?
2, 5, 79
Suppose -u + 5560 = -1945. Suppose -34*o - u = -34161. What are the prime factors of o?
2, 7
Let t(x) = 2*x**2 - 3*x - 18. Let i be (-115)/(-20) + -3*2/(-24). What are the prime factors of t(i)?
2, 3
Let m = -15352 - -22785. List the prime factors of m.
7433
Suppose 3*u - 6813 = -2*p + 4378, -5*u = 3*p - 16789. Suppose -14538 = -10*b - p. List the prime factors of b.
5, 179
Suppose -4*y + 5*c = -14751, y = -0*y + 5*c + 3699. Suppose 3*x - 5*z + z - y = 0, -x - 4*z = -1212. What are the prime factors of x?
2, 3, 17
Let h be 8/(-4) - 0 - -1 - -9. Suppose 2*i + 2*i = h. Suppose -2*w + 265 = 2*j + j, w + i*j = 134. List the prime factors of w.
2
Let z be (-43)/3 - (-4)/(-6). List the prime factors of 2 + (322 - 3/z*-5).
17, 19
Let j(u) = 3*u + 295. Let p(b) = 2*b + 148. Let y(t) = 6*j(t) - 11*p(t). What are the prime factors of y(15)?
2, 41
Let m(y) = 3223*y - 787. List the prime factors of m(3).
2, 4441
Let q = 88 - 88. Suppose q = 5*l + 2*a - 22, 4 - 44 = -4*l + 4*a. Suppose -12*j + 408 = -l*j. List the prime factors of j.
2, 17
Let f = -26382 + 39878. What are the prime factors of f?
2, 7, 241
Suppose -8*x - 403 = -3963. Let o = 136 + x. List the prime factors of o.
7, 83
Suppose -65981 + 11885 = -46*i. Suppose -65*g - i = -67*g. List the prime factors of g.
2, 3, 7
Let w be (-7)/((-42)/(-24)) - (-4 - 0). Suppose 7*q + w = -0. Suppose 5*b + 39 - 694 = q. What are the prime factors of b?
131
Let y(l) = -1986*l + 2375. List the prime factors of y(-34).
69899
Let b(o) be the third derivative of o**5/60 + 7*o**4/24 + 5*o**3/6 + 46*o**2. What are the prime factors of b(4)?
7
Suppose -2*q + 6*q - 5*s = 32, s = 0. Let j(f) = f**3 - 7*f**2 - 8*f + 9. Let d be j(q). Suppose 2*a - d*a + 35 = 0. List the prime factors of a.
5
Suppose -5*p + 187 = i + 67, 20 = p + i. Suppose 7*v = 2 + 1125. Let h = v - p. What are the prime factors of h?
2, 17
Let l(j) = -198*j - 135. Let q(c) = 98*c + 69. Let s(d) = 4*l(d) + 7*q(d). What are the prime factors of s(-7)?
5, 137
Let w(i) = i**3 - 14*i**2 - 18*i - 12. Let t be w(16). Suppose 4*l - 5*b = 973, 0 = -2*l + 3*l + 5*b - t. List the prime factors of l.
3, 79
Suppose 9*p - 988369 = -81*p + 11*p. What are the prime factors of p?
12511
Suppose v - 11 + 3 = 0. Let z be (7 - 1)/((-21)/(-357)). Suppose -v*q - z = -10*q. What are the prime factors of q?
3, 17
Let v(s) = -s**3 + 31*s**2 - 2*s + 22. List the prime factors of v(15).
2, 449
Suppose 70*c = 63*c + 11690. List the prime factors of c.
2, 5, 167
Let i be (-14)/4*1/7*-24. Let k = 160 + i. What are the prime factors of k?
2, 43
Let i(v) = -49 + 3*v**2 + 17 + v**2 - 3*v**2 + 5*v. Let x be (3 + 0)/((-144)/480). What are the prime factors of i(x)?
2, 3
Let d = -1388 + 1374. Let p(s) = -6 + 11*s + 5 + s**2 - 8. List the prime factors of p(d).
3, 11
Let u(n) = -n**3 - 19*n**2 + 77*n - 77. List the prime factors of u(-31).
2, 2267
Let v = 8007 + 5695. What are the prime factors of v?
2, 13, 17, 31
Let h = 65 + -63. Suppose 2*l = -h*l + 8. Suppose -36 = -f + l. List the prime factors of f.
2, 19
Suppose -k = 7, -3*j - 5*k + 28751 - 2587 = 0. List the prime factors of j.
3, 41, 71
List the prime factors of (5901/(-9))/(3/76*(-12)/27).
7, 19, 281
Let y(m) = 19*m**2 + 119*m + 56. What are the prime factors of y(46)?
2, 13, 1759
Suppose 2*b - 1 = -3*o + 1, -3*b - 6 = 0. Suppose 4*y = 2*s + 746, o*y + 567 = 5*y + s. List the prime factors of y.
2, 47
Suppose 4*l - 142649 = -5*u, -9*u = -4*u - 2*l - 142613. What are the prime factors of u?
5, 